{"id":9264,"date":"2022-02-23T07:14:08","date_gmt":"2022-02-23T07:14:08","guid":{"rendered":"https:\/\/ineosyte.com\/?page_id=9264"},"modified":"2022-02-23T10:14:39","modified_gmt":"2022-02-23T10:14:39","slug":"cennik-elektroniczny-dziennik-budowy","status":"publish","type":"page","link":"https:\/\/ineosyte.com\/?page_id=9264&lang=pl","title":{"rendered":"Cennik &#8211; Elektroniczny Dziennik Budowy"},"content":{"rendered":"<p>[vc_section el_id=&#8221;pricing&#8221; css=&#8221;.vc_custom_1645602729132{padding-top: 0px !important;padding-bottom: 0px !important;}&#8221; el_class=&#8221;pricingSec&#8221;][vc_row el_class=&#8221;pricingBox&#8221;][vc_column width=&#8221;1\/4&#8243;][\/vc_column][vc_column width=&#8221;1\/2&#8243;]<div class=\"section-title text-center  \"><h3>Plan podstawowy<\/h3><\/div><div class=\"price-table plan-popular mb-4 mb-sm-5 mb-lg-0 res-margin\">\r\n\t\t\t\t\t<div class=\"icon icon-basic-heart\"><\/div>\r\n\t\t\t\t\t<h3 class=\"plan-type\">59 PLN<\/h3>\r\n\t\t\t\t\t<h2 class=\"plan-price\">miesi\u0119cznie<\/h2>\r\n\t\t\t\t\t<p>Najpopularniejszy w\u015br\u00f3d ma\u0142ych i \u015brednich firm<br \/>\nW Planie Podstawowym dla 5-ciu u\u017cytkownik\u00f3w mo\u017cesz:<\/p>\n<ul>\n<li>dodawa\u0107 post\u0119p prac na budowie<\/li>\n<li>dodawa\u0107 zdj\u0119cia do post\u0119pu prac<\/li>\n<li>dodawa\u0107 obserwacje<\/li>\n<li>dodawa\u0107 utrudnienia<\/li>\n<li>dodawa\u0107 pracownik\u00f3w lub podwykonawc\u00f3w<\/li>\n<li>automatycznie pobiera\u0107 dane pogodowe dla lokalizacji budowy<\/li>\n<li>tworzy\u0107 profesjonalne raproty w formacie PDF<\/li>\n<li>wysy\u0142a\u0107 raporty do klient\u00f3w lub wsp\u00f3\u0142pracownik\u00f3w<\/li>\n<li>przechowywa\u0107 raporty w chmurze<\/li>\n<\/ul>\n<p><\/p>\r\n\t\t\t\t\t<p class=\"mb-0\"><a class=\"btn\" href=\"#\" >Do\u0142\u0105cz do planu podstawowego<\/a><\/p>\r\n\t\t\t\t\t\r\n\t\t\t\t<\/div>[\/vc_column][vc_column width=&#8221;1\/4&#8243;][\/vc_column][\/vc_row][\/vc_section]<\/p>\n","protected":false},"excerpt":{"rendered":"<p>[vc_section el_id=&#8221;pricing&#8221; css=&#8221;.vc_custom_1645602729132{padding-top: 0px !important;padding-bottom: 0px !important;}&#8221; el_class=&#8221;pricingSec&#8221;][vc_row el_class=&#8221;pricingBox&#8221;][vc_column width=&#8221;1\/4&#8243;][\/vc_column][vc_column width=&#8221;1\/2&#8243;][\/vc_column][vc_column width=&#8221;1\/4&#8243;][\/vc_column][\/vc_row][\/vc_section]<\/p>\n","protected":false},"author":1,"featured_media":9269,"parent":0,"menu_order":0,"comment_status":"closed","ping_status":"closed","template":"","meta":{"inline_featured_image":false,"footnotes":""},"class_list":["post-9264","page","type-page","status-publish","has-post-thumbnail","hentry"],"yoast_head":"<!-- This site is optimized with the Yoast SEO plugin v27.5 - https:\/\/yoast.com\/product\/yoast-seo-wordpress\/ -->\n<title>Cennik - Elektroniczny Dziennik Budowy - iNeoSyte<\/title>\n<meta name=\"robots\" content=\"index, follow, max-snippet:-1, max-image-preview:large, max-video-preview:-1\" \/>\n<link rel=\"canonical\" href=\"https:\/\/ineosyte.com\/?page_id=9264&lang=pl\" \/>\n<meta property=\"og:locale\" content=\"en_US\" \/>\n<meta property=\"og:type\" content=\"article\" \/>\n<meta property=\"og:title\" content=\"Cennik - Elektroniczny Dziennik Budowy - iNeoSyte\" \/>\n<meta property=\"og:description\" content=\"[vc_section el_id=&#8221;pricing&#8221; css=&#8221;.vc_custom_1645602729132{padding-top: 0px !important;padding-bottom: 0px !important;}&#8221; el_class=&#8221;pricingSec&#8221;][vc_row el_class=&#8221;pricingBox&#8221;][vc_column width=&#8221;1\/4&#8243;][\/vc_column][vc_column width=&#8221;1\/2&#8243;][\/vc_column][vc_column width=&#8221;1\/4&#8243;][\/vc_column][\/vc_row][\/vc_section]\" \/>\n<meta property=\"og:url\" content=\"https:\/\/ineosyte.com\/?page_id=9264&amp;lang=pl\" \/>\n<meta property=\"og:site_name\" content=\"iNeoSyte\" \/>\n<meta property=\"article:modified_time\" content=\"2022-02-23T10:14:39+00:00\" \/>\n<meta property=\"og:image\" content=\"https:\/\/ineosyte.com\/wp-content\/uploads\/2022\/02\/blog-header-1.jpg\" \/>\n\t<meta property=\"og:image:width\" content=\"1920\" \/>\n\t<meta property=\"og:image:height\" content=\"550\" \/>\n\t<meta property=\"og:image:type\" content=\"image\/jpeg\" \/>\n<meta name=\"twitter:card\" content=\"summary_large_image\" \/>\n<meta name=\"twitter:label1\" content=\"Est. reading time\" \/>\n\t<meta name=\"twitter:data1\" content=\"1 minute\" \/>\n<script type=\"application\/ld+json\" class=\"yoast-schema-graph\">{\"@context\":\"https:\\\/\\\/schema.org\",\"@graph\":[{\"@type\":\"WebPage\",\"@id\":\"https:\\\/\\\/ineosyte.com\\\/?page_id=9264&lang=pl\",\"url\":\"https:\\\/\\\/ineosyte.com\\\/?page_id=9264&lang=pl\",\"name\":\"Cennik - Elektroniczny Dziennik Budowy - iNeoSyte\",\"isPartOf\":{\"@id\":\"https:\\\/\\\/ineosyte.com\\\/#website\"},\"primaryImageOfPage\":{\"@id\":\"https:\\\/\\\/ineosyte.com\\\/?page_id=9264&lang=pl#primaryimage\"},\"image\":{\"@id\":\"https:\\\/\\\/ineosyte.com\\\/?page_id=9264&lang=pl#primaryimage\"},\"thumbnailUrl\":\"https:\\\/\\\/ineosyte.com\\\/wp-content\\\/uploads\\\/2022\\\/02\\\/blog-header-1.jpg\",\"datePublished\":\"2022-02-23T07:14:08+00:00\",\"dateModified\":\"2022-02-23T10:14:39+00:00\",\"breadcrumb\":{\"@id\":\"https:\\\/\\\/ineosyte.com\\\/?page_id=9264&lang=pl#breadcrumb\"},\"inLanguage\":\"en-US\",\"potentialAction\":[{\"@type\":\"ReadAction\",\"target\":[\"https:\\\/\\\/ineosyte.com\\\/?page_id=9264&lang=pl\"]}]},{\"@type\":\"ImageObject\",\"inLanguage\":\"en-US\",\"@id\":\"https:\\\/\\\/ineosyte.com\\\/?page_id=9264&lang=pl#primaryimage\",\"url\":\"https:\\\/\\\/ineosyte.com\\\/wp-content\\\/uploads\\\/2022\\\/02\\\/blog-header-1.jpg\",\"contentUrl\":\"https:\\\/\\\/ineosyte.com\\\/wp-content\\\/uploads\\\/2022\\\/02\\\/blog-header-1.jpg\",\"width\":1920,\"height\":550},{\"@type\":\"BreadcrumbList\",\"@id\":\"https:\\\/\\\/ineosyte.com\\\/?page_id=9264&lang=pl#breadcrumb\",\"itemListElement\":[{\"@type\":\"ListItem\",\"position\":1,\"name\":\"Home\",\"item\":\"https:\\\/\\\/ineosyte.com\\\/\"},{\"@type\":\"ListItem\",\"position\":2,\"name\":\"Cennik &#8211; Elektroniczny Dziennik Budowy\"}]},{\"@type\":\"WebSite\",\"@id\":\"https:\\\/\\\/ineosyte.com\\\/#website\",\"url\":\"https:\\\/\\\/ineosyte.com\\\/\",\"name\":\"iNeoSyte\",\"description\":\"\",\"potentialAction\":[{\"@type\":\"SearchAction\",\"target\":{\"@type\":\"EntryPoint\",\"urlTemplate\":\"https:\\\/\\\/ineosyte.com\\\/?s={search_term_string}\"},\"query-input\":{\"@type\":\"PropertyValueSpecification\",\"valueRequired\":true,\"valueName\":\"search_term_string\"}}],\"inLanguage\":\"en-US\"}]}<\/script>\n<!-- \/ Yoast SEO plugin. -->","yoast_head_json":{"title":"Cennik - Elektroniczny Dziennik Budowy - iNeoSyte","robots":{"index":"index","follow":"follow","max-snippet":"max-snippet:-1","max-image-preview":"max-image-preview:large","max-video-preview":"max-video-preview:-1"},"canonical":"https:\/\/ineosyte.com\/?page_id=9264&lang=pl","og_locale":"en_US","og_type":"article","og_title":"Cennik - Elektroniczny Dziennik Budowy - iNeoSyte","og_description":"[vc_section el_id=&#8221;pricing&#8221; css=&#8221;.vc_custom_1645602729132{padding-top: 0px !important;padding-bottom: 0px !important;}&#8221; el_class=&#8221;pricingSec&#8221;][vc_row el_class=&#8221;pricingBox&#8221;][vc_column width=&#8221;1\/4&#8243;][\/vc_column][vc_column width=&#8221;1\/2&#8243;][\/vc_column][vc_column width=&#8221;1\/4&#8243;][\/vc_column][\/vc_row][\/vc_section]","og_url":"https:\/\/ineosyte.com\/?page_id=9264&lang=pl","og_site_name":"iNeoSyte","article_modified_time":"2022-02-23T10:14:39+00:00","og_image":[{"width":1920,"height":550,"url":"https:\/\/ineosyte.com\/wp-content\/uploads\/2022\/02\/blog-header-1.jpg","type":"image\/jpeg"}],"twitter_card":"summary_large_image","twitter_misc":{"Est. reading time":"1 minute"},"schema":{"@context":"https:\/\/schema.org","@graph":[{"@type":"WebPage","@id":"https:\/\/ineosyte.com\/?page_id=9264&lang=pl","url":"https:\/\/ineosyte.com\/?page_id=9264&lang=pl","name":"Cennik - Elektroniczny Dziennik Budowy - iNeoSyte","isPartOf":{"@id":"https:\/\/ineosyte.com\/#website"},"primaryImageOfPage":{"@id":"https:\/\/ineosyte.com\/?page_id=9264&lang=pl#primaryimage"},"image":{"@id":"https:\/\/ineosyte.com\/?page_id=9264&lang=pl#primaryimage"},"thumbnailUrl":"https:\/\/ineosyte.com\/wp-content\/uploads\/2022\/02\/blog-header-1.jpg","datePublished":"2022-02-23T07:14:08+00:00","dateModified":"2022-02-23T10:14:39+00:00","breadcrumb":{"@id":"https:\/\/ineosyte.com\/?page_id=9264&lang=pl#breadcrumb"},"inLanguage":"en-US","potentialAction":[{"@type":"ReadAction","target":["https:\/\/ineosyte.com\/?page_id=9264&lang=pl"]}]},{"@type":"ImageObject","inLanguage":"en-US","@id":"https:\/\/ineosyte.com\/?page_id=9264&lang=pl#primaryimage","url":"https:\/\/ineosyte.com\/wp-content\/uploads\/2022\/02\/blog-header-1.jpg","contentUrl":"https:\/\/ineosyte.com\/wp-content\/uploads\/2022\/02\/blog-header-1.jpg","width":1920,"height":550},{"@type":"BreadcrumbList","@id":"https:\/\/ineosyte.com\/?page_id=9264&lang=pl#breadcrumb","itemListElement":[{"@type":"ListItem","position":1,"name":"Home","item":"https:\/\/ineosyte.com\/"},{"@type":"ListItem","position":2,"name":"Cennik &#8211; Elektroniczny Dziennik Budowy"}]},{"@type":"WebSite","@id":"https:\/\/ineosyte.com\/#website","url":"https:\/\/ineosyte.com\/","name":"iNeoSyte","description":"","potentialAction":[{"@type":"SearchAction","target":{"@type":"EntryPoint","urlTemplate":"https:\/\/ineosyte.com\/?s={search_term_string}"},"query-input":{"@type":"PropertyValueSpecification","valueRequired":true,"valueName":"search_term_string"}}],"inLanguage":"en-US"}]}},"_links":{"self":[{"href":"https:\/\/ineosyte.com\/index.php?rest_route=\/wp\/v2\/pages\/9264","targetHints":{"allow":["GET"]}}],"collection":[{"href":"https:\/\/ineosyte.com\/index.php?rest_route=\/wp\/v2\/pages"}],"about":[{"href":"https:\/\/ineosyte.com\/index.php?rest_route=\/wp\/v2\/types\/page"}],"author":[{"embeddable":true,"href":"https:\/\/ineosyte.com\/index.php?rest_route=\/wp\/v2\/users\/1"}],"replies":[{"embeddable":true,"href":"https:\/\/ineosyte.com\/index.php?rest_route=%2Fwp%2Fv2%2Fcomments&post=9264"}],"version-history":[{"count":6,"href":"https:\/\/ineosyte.com\/index.php?rest_route=\/wp\/v2\/pages\/9264\/revisions"}],"predecessor-version":[{"id":9267,"href":"https:\/\/ineosyte.com\/index.php?rest_route=\/wp\/v2\/pages\/9264\/revisions\/9267"}],"wp:featuredmedia":[{"embeddable":true,"href":"https:\/\/ineosyte.com\/index.php?rest_route=\/wp\/v2\/media\/9269"}],"wp:attachment":[{"href":"https:\/\/ineosyte.com\/index.php?rest_route=%2Fwp%2Fv2%2Fmedia&parent=9264"}],"curies":[{"name":"wp","href":"https:\/\/api.w.org\/{rel}","templated":true}]}}